lse
Is 3276347 composite?
False
Is 821111317 a composite number?
True
Is 615997 prime?
True
Is 5063902 composite?
True
Is 5456897 a composite number?
False
Is 9420997 a prime number?
True
Is 227709631 a composite number?
False
Is 1174091 prime?
True
Is 42975199 composite?
True
Is 190355873 prime?
True
Is 399197 composite?
False
Is 168527705 composite?
True
Is 8808469 prime?
False
Is 30743281 composite?
True
Is 7775813 prime?
False
Is 3213421 composite?
False
Is 20873 composite?
False
Is 135584413 a composite number?
False
Is 16451713 a prime number?
True
Is 1675529 prime?
False
Is 31470919 prime?
False
Is 1592629 a composite number?
True
Is 6409511 composite?
False
Is 10335706 prime?
False
Is 342834751 prime?
False
Is 762529 composite?
False
Is 14018813 composite?
True
Is 7604867 a composite number?
False
Is 1676557 prime?
False
Is 979831 a composite number?
False
Is 938533 a prime number?
True
Is 38490334 composite?
True
Is 165172289 a prime number?
False
Is 8190097 a composite number?
False
Is 259360253 a composite number?
True
Is 99272893 a prime number?
True
Is 26370523 a composite number?
False
Is 431723519 a prime number?
False
Is 50110519 prime?
True
Is 8663079 a prime number?
False
Is 2689273 a prime number?
False
Is 6549797 prime?
True
Is 60426419 a prime number?
True
Is 48346151 a composite number?
True
Is 55889705 a prime number?
False
Is 2273921 composite?
True
Is 11096219 composite?
True
Is 361450459 a prime number?
False
Is 3491497 composite?
True
Is 10140797 composite?
False
Is 45813947 composite?
False
Is 2443099 a composite number?
True
Is 30952769 a composite number?
False
Is 861866093 composite?
True
Is 116565871 composite?
False
Is 267431181 composite?
True
Is 62582447 a composite number?
True
Is 68018777 prime?
False
Is 51522851 a prime number?
False
Is 79907 a prime number?
True
Is 13446679 prime?
True
Is 522187 a composite number?
True
Is 56231953 composite?
False
Is 35743009 prime?
False
Is 88357919 prime?
False
Is 1389295 a composite number?
True
Is 2383351 prime?
False
Is 13740673 composite?
False
Is 3520729 a composite number?
False
Is 437629 composite?
False
Is 1201229 a prime number?
True
Is 7878383 composite?
False
Is 10202341 a prime number?
False
Is 529427 a composite number?
True
Is 1441217 a prime number?
True
Is 132281893 prime?
True
Is 3106501 a composite number?
True
Is 16258801 prime?
False
Is 11451481 prime?
False
Is 12752759 prime?
True
Is 3036233 a prime number?
False
Is 14927921 a composite number?
True
Is 4511261 prime?
True
Is 1017440893 a composite number?
True
Is 32980693 a prime number?
True
Is 7586914 composite?
True
Is 33518741 a composite number?
True
Is 29376367 composite?
False
Is 26649509 a prime number?
False
Is 34533197 composite?
False
Is 1834513 a prime number?
True
Is 154144357 a composite number?
True
Is 13941107 a prime number?
False
Is 1089611 a composite number?
False
Is 61587367 a composite number?
True
Is 10702561 a prime number?
True
Is 4543607 a prime number?
False
Is 108954609 composite?
True
Is 760842841 composite?
True
Is 36485411 a prime number?
True
Is 3324665 a composite number?
True
Is 241446287 composite?
False
Is 82034597 a composite number?
False
Is 11031161 a composite number?
False
Is 48178477 a composite number?
True
Is 29648977 a prime number?
True
Is 436207 a composite number?
True
Is 12108797 prime?
True
Is 1025317 a prime number?
False
Is 61888399 a prime number?
True
Is 44528197 a composite number?
True
Is 29234129 a prime number?
True
Is 71363507 a composite number?
True
Is 16699273 a prime number?
False
Is 16023937 prime?
True
Is 4939391 a composite number?
False
Is 772301 prime?
False
Is 5499119 a composite number?
True
Is 3262897 composite?
True
Is 48989071 prime?
False
Is 1141867 composite?
False
Is 2852777 prime?
False
Is 4839227 a composite number?
False
Is 155868859 prime?
False
Is 18128237 prime?
True
Is 216131753 prime?
True
Is 45044507 prime?
False
Is 5692391 a composite number?
False
Is 5746045 composite?
True
Is 21089161 composite?
False
Is 237344167 a prime number?
False
Is 3712587 a prime number?
False
Is 1202469 a composite number?
True
Is 1346237 a composite number?
True
Is 742907 prime?
False
Is 654681 composite?
True
Is 18861301 a prime number?
True
Is 40848869 a prime number?
False
Is 648197783 a composite number?
True
Is 129854323 composite?
True
Is 10539853 composite?
True
Is 36997091 composite?
False
Is 1403371 a composite number?
False
Is 75868717 composite?
False
Is 3326047 prime?
True
Is 272961929 composite?
False
Is 20722283 a prime number?
True
Is 1405711 a prime number?
False
Is 133359913 a prime number?
False
Is 1587499 composite?
False
Is 3662689 a prime number?
False
Is 2412703 a composite number?
False
Is 5414951 a prime number?
True
Is 14909723 a prime number?
False
Is 35613061 prime?
False
Is 20057437 composite?
False
Is 504792251 a prime number?
False
Is 2626927 a prime number?
True
Is 3789221 composite?
False
Is 7749878 a prime number?
False
Is 5423741 a composite number?
False
Is 22491253 a prime number?
True
Is 3043559 prime?
True
Is 184809 prime?
False
Is 21166763 a prime number?
True
Is 4856673 a prime number?
False
Is 11190203 a composite number?
False
Is 235769419 composite?
False
Is 2371657 composite?
True
Is 30293 a prime number?
True
Is 136666547 composite?
False
Is 1226933 a prime number?
False
Is 142541547 composite?
True
Is 149261677 prime?
True
Is 12536339 a composite number?
False
Is 27317519 a composite number?
True
Is 1140783185 prime?
False
Is 29587081 prime?
True
Is 1157413 prime?
True
Is 639047951 a composite number?
False
Is 346913 prime?
False
Is 69191953 a prime number?
True
Is 2300609 a composite number?
False
Is 5474789 composite?
False
Is 6174041 a prime number?
False
Is 90688643 composite?
False
Is 4395029 a prime number?
True
Is 3352627 a prime number?
True
Is 789499097 a composite number?
False
Is 220935551 a prime number?
False
Is 852079 a composite number?
False
Is 1312760041 a prime number?
True
Is 849211 composite?
True
Is 4208191 composite?
True
Is 10147901 prime?
True
Is 11746753 prime?
True
Is 20633503 composite?
True
Is 1118378977 a prime number?
True
Is 431177 composite?
True
Is 1521133 a composite number?
False
Is 4143253 composite?
False
Is 37443529 prime?
True
Is 4684535 composite?
True
Is 3410735 prime?
False
Is 10786621 a composite number?
True
Is 16382753 a composite number?
True
Is 928138 composite?
True
Is 4504993 a prime number?
True
Is 3004343 a prime number?
True
Is 13603463 prime?
False
Is 13350731 a prime number?
True
Is 8571529 composite?
False
Is 424855309 a composite number?
False
Is 5230235 a prime number?
False
Is 8344481 composite?
False
Is 141658289 a composite number?
False
Is 359140927 a prime number?
True
Is 29100047 composite?
True
Is 6752789 a composite number?
False
Is 106427 a composite number?
False
Is 7332691 composite?
False
Is 284814401 prime?
True
Is 841979 a prime number?
True
Is 24748781 a composite number?
False
Is 1261537 composite?
True
Is 80479 a composite number?
True
Is 1482657079 a prime number?
False
Is 3772753 a composite number?
False
Is 7828649 a prime number?
False
Is 2772457 composite?
False
Is 29088471 composite?
True
Is 9977503 a composite number?
False
Is 30555587 composite?
False
Is 54030517 prime?
True
Is 4200341 a prime number?
True
Is 4948717 a composite number?
True
Is 6296633 prime?
False
Is 27648163 composite?
False
Is 300289429 a prime number?
False
Is 736607 prime?
True
Is 42035243 a prime number?
True
Is 125375429 a prime number?
True
Is 14085803 composite?
False
Is 24206167 composite?
False
Is 40673309 composite?
False
Is 335991779 a composite number?
True
Is 324943 a prime number?
False
Is 521299 a composite number?
False
Is 647254117 composite?
False
Is 3580061 a composite number?
True
Is 26490259 a composite number?
True
Is 698545727 a composite number?
True
Is 408860349 a prime number?
False
Is 297408857 a prime number?
True
Is 5522563 composite?
False
Is 17071147 prime?
True
Is 93799 composite?
True
Is 373781 composite?
True
Is 196850197 a prime number?
True
Is 141287 composite?
True
Is 800281 a composite number?
False
Is 238291341 prime?
False
Is 2695751 prime?
True
Is 136639 a prime number?
False
Is 15492419 composit